he prime factors of 249151?
7, 35593
List the prime factors of 9557073.
3, 1061897
What are the prime factors of 209570?
2, 5, 19, 1103
What are the prime factors of 726430?
2, 5, 72643
What are the prime factors of 794975?
5, 31799
List the prime factors of 3784246.
2, 1892123
What are the prime factors of 207208?
2, 59, 439
What are the prime factors of 3090348?
2, 3, 85843
What are the prime factors of 1022194?
2, 31, 16487
What are the prime factors of 6957?
3, 773
What are the prime factors of 7014944?
2, 219217
What are the prime factors of 356138?
2, 178069
List the prime factors of 401747.
241, 1667
List the prime factors of 147487.
147487
What are the prime factors of 28636856?
2, 71, 50417
What are the prime factors of 167053?
89, 1877
What are the prime factors of 7809192?
2, 3, 108461
List the prime factors of 325400.
2, 5, 1627
List the prime factors of 4637461.
4637461
List the prime factors of 9915844.
2, 83, 29867
What are the prime factors of 203659?
203659
List the prime factors of 6794572.
2, 1698643
What are the prime factors of 43445?
5, 8689
List the prime factors of 190661.
37, 5153
List the prime factors of 129936.
2, 3, 2707
What are the prime factors of 8456273?
7, 19, 31, 293
List the prime factors of 758293.
617, 1229
List the prime factors of 14360494.
2, 83, 86509
What are the prime factors of 8416330?
2, 5, 13, 101, 641
What are the prime factors of 13693738?
2, 17, 402757
What are the prime factors of 1396446?
2, 3, 232741
What are the prime factors of 590992?
2, 43, 859
List the prime factors of 308922.
2, 3, 51487
What are the prime factors of 8991477?
3, 11, 90823
List the prime factors of 28530.
2, 3, 5, 317
List the prime factors of 147407.
13, 17, 23, 29
What are the prime factors of 1639111?
19, 86269
What are the prime factors of 489000?
2, 3, 5, 163
What are the prime factors of 227921?
113, 2017
List the prime factors of 8510772.
2, 3, 709231
List the prime factors of 243227.
243227
What are the prime factors of 22569402?
2, 3, 457, 8231
What are the prime factors of 26715223?
47, 131, 4339
List the prime factors of 74146.
2, 131, 283
What are the prime factors of 5079174?
2, 3, 846529
List the prime factors of 9549196.
2, 2387299
List the prime factors of 298672.
2, 11, 1697
List the prime factors of 720831.
3, 241, 997
What are the prime factors of 2346278?
2, 11, 106649
List the prime factors of 98632.
2, 12329
What are the prime factors of 1524467?
7, 217781
What are the prime factors of 9895764?
2, 3, 824647
List the prime factors of 3376487.
3376487
List the prime factors of 281595.
3, 5, 18773
What are the prime factors of 1536007?
11, 47, 2971
List the prime factors of 454200.
2, 3, 5, 757
List the prime factors of 6516077.
439, 14843
List the prime factors of 1973235.
3, 5, 11, 11959
What are the prime factors of 5513203?
5513203
List the prime factors of 2562054.
2, 3, 11, 3529
What are the prime factors of 10093755?
3, 5, 7, 31, 443
What are the prime factors of 1785550?
2, 5, 13, 41, 67
What are the prime factors of 330654?
2, 3, 55109
What are the prime factors of 681212?
2, 7, 24329
List the prime factors of 3656942.
2, 1828471
List the prime factors of 338756.
2, 11, 7699
List the prime factors of 724518.
2, 3, 13417
List the prime factors of 13483.
97, 139
List the prime factors of 1285418.
2, 163, 3943
What are the prime factors of 528995?
5, 241, 439
List the prime factors of 8205503.
23, 356761
List the prime factors of 29049604.
2, 31, 234271
List the prime factors of 3222905.
5, 7, 92083
List the prime factors of 17621625.
3, 5, 7, 137
List the prime factors of 442190.
2, 5, 7, 6317
List the prime factors of 30589.
13, 181
List the prime factors of 9547713.
3, 7, 1871
List the prime factors of 25070310.
2, 3, 5, 19, 181
List the prime factors of 24830.
2, 5, 13, 191
What are the prime factors of 4997000?
2, 5, 19, 263
What are the prime factors of 708183?
3, 7, 1249
List the prime factors of 988157.
988157
List the prime factors of 5867710.
2, 5, 137, 4283
List the prime factors of 2667170.
2, 5, 11, 24247
What are the prime factors of 580180?
2, 5, 29009
List the prime factors of 3667963.
13, 283, 997
What are the prime factors of 33573936?
2, 3, 11, 63587
What are the prime factors of 62324?
2, 15581
List the prime factors of 9675874.
2, 13, 372149
What are the prime factors of 438882?
2, 3, 193, 379
What are the prime factors of 91168?
2, 7, 11, 37
What are the prime factors of 12842874?
2, 3, 11, 7207
List the prime factors of 847735.
5, 7, 53, 457
What are the prime factors of 55103?
55103
What are the prime factors of 79710?
2, 3, 5, 2657
List the prime factors of 506491.
506491
What are the prime factors of 15081001?
13, 1160077
What are the prime factors of 255552?
2, 3, 11
List the prime factors of 29060433.
3, 3228937
What are the prime factors of 9872601?
3, 31, 83, 1279
List the prime factors of 14096549.
14096549
List the prime factors of 372915.
3, 5, 8287
What are the prime factors of 4243410?
2, 3, 5, 47149
What are the prime factors of 336790?
2, 5, 33679
What are the prime factors of 1194028?
2, 11, 2467
What are the prime factors of 2424079?
7, 61, 811
What are the prime factors of 15320079?
3, 167, 10193
What are the prime factors of 115555?
5, 11, 191
What are the prime factors of 112626?
2, 3, 6257
List the prime factors of 17236845.
3, 5, 383041
List the prime factors of 182093.
211, 863
List the prime factors of 454252.
2, 19, 43, 139
What are the prime factors of 1979852?
2, 7, 70709
What are the prime factors of 183740?
2, 5, 9187
List the prime factors of 1762625.
5, 59, 239
List the prime factors of 24037.
13, 43
What are the prime factors of 59091?
3, 19697
List the prime factors of 44555.
5, 7, 19, 67
What are the prime factors of 14974761?
3, 4991587
List the prime factors of 486428.
2, 121607
What are the prime factors of 4780747?
1031, 4637
List the prime factors of 4855796.
2, 11, 110359
List the prime factors of 1750024.
2, 23, 9511
List the prime factors of 480037.
29, 16553
List the prime factors of 198721.
19, 10459
List the prime factors of 4882576.
2, 401, 761
What are the prime factors of 2398981?
13, 109, 1693
List the prime factors of 346189.
67, 5167
What are the prime factors of 1187733?
3, 523, 757
List the prime factors of 5120483.
43, 193, 617
What are the prime factors of 9522686?
2, 17, 19, 14741
What are the prime factors of 26416736?
2, 307, 2689
List the prime factors of 76270.
2, 5, 29, 263
List the prime factors of 9873989.
41, 240829
What are the prime factors of 9441185?
5, 13, 11173
List the prime factors of 195301.
19, 541
List the prime factors of 567903.
3, 7, 27043
What are the prime factors of 1540688?
2, 96293
List the prime factors of 126619.
127, 997
What are the prime factors of 754464?
2, 3, 29, 271
List the prime factors of 21122460.
2, 3, 5, 43, 2729
What are the prime factors of 1755010?
2, 5, 223, 787
What are the prime factors of 228412?
2, 17, 3359
List the prime factors of 97131.
3, 32377
What are the prime factors of 5639494?
2, 7, 79, 5099
List the prime factors of 1307238.
2, 3, 19, 11467
What are the prime factors of 98124?
2, 3, 13, 17, 37
What are the prime factors of 1139632?
2, 13, 5479
What are the prime factors of 2865429?
3, 7, 15161
What are the prime factors of 6791118?
2, 3, 23, 49211
List the prime factors of 15426582.
2, 3, 17, 151241
List the prime factors of 108512.
2, 3391
List the prime factors of 2199390.
2, 3, 5, 167, 439
What are the prime factors of 2391864?
2, 3, 99661
What are the prime factors of 693025?
5, 19, 1459
What are the prime factors of 1047843?
3, 197
What are the prime factors of 1937875?
5, 37, 419
What are the prime factors of 2939648?
2, 11483
What are the prime factors of 905272?
2, 113159
What are the prime factors of 117313?
7, 16759
What are the prime factors of 621737?
19, 43, 761
List the prime factors of 594567.
3, 19, 61
What are the prime factors of 253235?
5, 50647
List the prime factors of 87289.
41, 2129
What are the prime factors of 16130643?
3, 163, 32987
List the prime factors of 14612006.
2, 599, 12197
What are the prime factors of 362661?
3, 13, 17, 547
List the prime factors of 270900.
2, 3, 5, 7, 43
What are the prime factors of 1270818?
2, 3, 